f 1079626.
2, 71, 7603
What are the prime factors of 2968507?
173, 17159
What are the prime factors of 256309?
17, 15077
What are the prime factors of 307350?
2, 3, 5, 683
What are the prime factors of 1835612?
2, 61, 7523
List the prime factors of 920219.
920219
What are the prime factors of 4561732?
2, 7, 197, 827
What are the prime factors of 816816?
2, 3, 7, 11, 13, 17
What are the prime factors of 610706?
2, 305353
List the prime factors of 544917.
3, 181639
What are the prime factors of 5846926?
2, 2923463
What are the prime factors of 127537?
89, 1433
List the prime factors of 21144164.
2, 853, 6197
List the prime factors of 368243.
368243
List the prime factors of 2593273.
23, 137, 823
What are the prime factors of 321154?
2, 103, 1559
List the prime factors of 4462810.
2, 5, 11, 29, 1399
What are the prime factors of 1179398?
2, 11, 53609
List the prime factors of 22385139.
3, 7, 41, 25999
What are the prime factors of 577841?
11, 131, 401
List the prime factors of 7586278.
2, 7, 199, 389
List the prime factors of 14485640.
2, 5, 13, 89, 313
What are the prime factors of 179816?
2, 7, 13, 19
List the prime factors of 5847944.
2, 730993
List the prime factors of 4340826.
2, 3, 7, 47, 733
List the prime factors of 369576.
2, 3, 29, 59
What are the prime factors of 677309?
677309
List the prime factors of 421271.
43, 97, 101
List the prime factors of 950989.
13, 191, 383
List the prime factors of 304626.
2, 3, 7, 7253
What are the prime factors of 4498905?
3, 5, 53, 5659
What are the prime factors of 14052262?
2, 7, 1003733
What are the prime factors of 1408114?
2, 317, 2221
List the prime factors of 9577423.
547, 17509
What are the prime factors of 173577?
3, 57859
What are the prime factors of 6255531?
3, 695059
What are the prime factors of 531690?
2, 3, 5, 37, 479
List the prime factors of 2241956.
2, 560489
What are the prime factors of 7844677?
281, 27917
What are the prime factors of 406792?
2, 50849
List the prime factors of 1719533.
17, 101149
List the prime factors of 490093.
17, 127, 227
What are the prime factors of 2878564?
2, 13, 197, 281
What are the prime factors of 451391?
31, 14561
What are the prime factors of 17806963?
73, 243931
List the prime factors of 424809.
3, 7, 11, 613
List the prime factors of 842800.
2, 5, 7, 43
What are the prime factors of 7585362?
2, 3, 421409
List the prime factors of 6518543.
1019, 6397
List the prime factors of 146677.
146677
What are the prime factors of 1942403?
17, 114259
What are the prime factors of 2106541?
89, 23669
List the prime factors of 338347.
338347
List the prime factors of 119844.
2, 3, 3329
List the prime factors of 526684.
2, 131671
List the prime factors of 961162.
2, 109, 4409
List the prime factors of 1959160.
2, 5, 7, 6997
List the prime factors of 1908289.
1908289
List the prime factors of 17010283.
17010283
List the prime factors of 1208207.
7, 11, 13, 17, 71
What are the prime factors of 7946686?
2, 11, 361213
What are the prime factors of 923239?
923239
What are the prime factors of 120650?
2, 5, 19, 127
What are the prime factors of 100935?
3, 5, 2243
What are the prime factors of 11113094?
2, 23, 241589
What are the prime factors of 150528?
2, 3, 7
List the prime factors of 292120.
2, 5, 67, 109
What are the prime factors of 168522?
2, 3, 28087
What are the prime factors of 1722?
2, 3, 7, 41
List the prime factors of 25824580.
2, 5, 1291229
What are the prime factors of 13200099?
3, 11, 269, 1487
List the prime factors of 4638544.
2, 67, 4327
List the prime factors of 4352263.
163, 26701
List the prime factors of 1357933.
599, 2267
What are the prime factors of 462598?
2, 231299
What are the prime factors of 178359?
3, 59453
What are the prime factors of 711637?
17, 41, 1021
List the prime factors of 18449156.
2, 11, 229, 1831
List the prime factors of 1634777.
257, 6361
List the prime factors of 925615.
5, 185123
What are the prime factors of 2049196?
2, 467, 1097
List the prime factors of 8927310.
2, 3, 5, 7, 6073
What are the prime factors of 302276?
2, 13, 5813
What are the prime factors of 164626?
2, 7, 11, 1069
What are the prime factors of 2792492?
2, 79, 8837
What are the prime factors of 3506048?
2, 7, 13, 43
What are the prime factors of 1195965?
3, 5, 2953
List the prime factors of 744628.
2, 186157
List the prime factors of 2909259.
3, 323251
List the prime factors of 548857.
457, 1201
List the prime factors of 115863.
3, 11, 3511
What are the prime factors of 324821?
7, 947
List the prime factors of 31640.
2, 5, 7, 113
List the prime factors of 11419524.
2, 3, 317209
What are the prime factors of 359858?
2, 23, 7823
What are the prime factors of 21129812?
2, 11, 37, 12979
What are the prime factors of 980946?
2, 3, 54497
What are the prime factors of 21551945?
5, 37, 97, 1201
List the prime factors of 2351841.
3, 73, 10739
What are the prime factors of 1278778?
2, 317, 2017
List the prime factors of 276110.
2, 5, 27611
List the prime factors of 6123341.
7, 874763
List the prime factors of 6681066.
2, 3, 7, 159073
List the prime factors of 159534.
2, 3, 8863
What are the prime factors of 3499314?
2, 3, 7, 13, 17, 29
What are the prime factors of 7460756?
2, 17, 109717
List the prime factors of 17195116.
2, 4298779
List the prime factors of 301527.
3, 33503
List the prime factors of 1176376.
2, 147047
List the prime factors of 14275329.
3, 4758443
List the prime factors of 111598.
2, 55799
What are the prime factors of 45692?
2, 11423
What are the prime factors of 2703184?
2, 11, 15359
List the prime factors of 2929398.
2, 3, 488233
What are the prime factors of 291395?
5, 13, 4483
What are the prime factors of 6782483?
1181, 5743
List the prime factors of 4178608.
2, 7, 37309
List the prime factors of 438870.
2, 3, 5, 14629
List the prime factors of 305808.
2, 3, 23, 277
List the prime factors of 46581.
3, 15527
List the prime factors of 512637.
3, 107, 1597
List the prime factors of 890480.
2, 5, 11131
What are the prime factors of 926499?
3, 7, 44119
List the prime factors of 209058.
2, 3, 34843
List the prime factors of 7150269.
3, 7, 29, 59, 199
What are the prime factors of 899271?
3, 163, 613
List the prime factors of 495805.
5, 17, 19, 307
What are the prime factors of 111736?
2, 13967
List the prime factors of 7798652.
2, 43, 45341
List the prime factors of 1278066.
2, 3, 293, 727
What are the prime factors of 168662?
2, 13, 499
List the prime factors of 1516993.
479, 3167
What are the prime factors of 7525197?
3, 19, 14669
List the prime factors of 401062.
2, 41, 67, 73
What are the prime factors of 8409146?
2, 47, 89459
What are the prime factors of 904268?
2, 23, 9829
List the prime factors of 1506669.
3, 269, 1867
List the prime factors of 1151980.
2, 5, 239, 241
List the prime factors of 1457788.
2, 364447
List the prime factors of 5705745.
3, 5, 380383
What are the prime factors of 415134?
2, 3, 23063
List the prime factors of 371322.
2, 3, 7, 421
List the prime factors of 3970831.
3970831
What are the prime factors of 37146183?
3, 12382061
What are the prime factors of 376697?
37, 10181
What are the prime factors of 232359?
3, 73, 1061
What are the prime factors of 414922?
2, 19, 61, 179
List the prime factors of 3449940.
2, 3, 5, 13, 4423
What are the prime factors of 444494?
2, 222247
What are the prime factors of 20790?
2, 3, 5, 7, 11
List the prime factors of 561950.
2, 5, 11239
List the prime factors of 7951248.
2, 3, 55217
List the prime factors of 10458827.
37, 282671
List the prime factors of 75.
3, 5
List the prime factors of 8754574.
2, 89, 137, 359
What are the prime factors of 152931?
3, 19, 2683
What are the prime factors of 201352?
2, 25169
List the prime factors of 689159.
53, 13003
List the prime factors of 931198.
2, 467, 997
What are the prime factors of 243352?
2, 19, 1601
List the prime factors of 235627.
7, 41, 821
List the prime factors of 6600440.
2, 5, 7, 11, 2143
What are the prime factors of 211235?
5, 83, 509
What are the prime factors of 46694?
2, 37, 631
What are the prime factors of 257811?
3, 19, 4523
What are the prime factors of 49497?
3, 7, 2357
What are the prime factors of 237578?
2, 11, 10799
What are the prime factors of 10233440?
2, 5, 7, 9137
List the prime factors of 14267910.
2, 3, 5, 